late the highest common divisor of v and 15.
3
Suppose -78 = -5*l + 3*f, -31*f = -l - 29*f + 10. Calculate the greatest common factor of 72 and l.
18
Let m be -3 + (504/(-3))/(33/(-22)). Calculate the greatest common divisor of m and 109.
109
Let v(x) = -2*x**2 - 7*x + 3. Let d be v(-4). Let n be d*1*(198/(-9) - 0). What is the highest common divisor of n and 176?
22
Let t(v) = -10*v - 75. Let u be t(-11). What is the highest common divisor of u and 21?
7
Let u be 13/2*(-396)/(-429). Suppose -b - 126 = -4*b. Calculate the highest common divisor of u and b.
6
Let k = -15 + 46. Suppose -21 = -w + 5*o, -4*w - 4 = 3*o - o. Let f be (k - (-5 - -2))/w. What is the highest common divisor of f and 170?
34
Let p be -9*1/6*16/(-3). Suppose 0 = -r + p + 6. Suppose -5*v = 4*b - 39, -6*b + b = -4*v + 23. Calculate the highest common divisor of r and v.
7
Let v = -202 - -474. Calculate the greatest common factor of v and 34.
34
Suppose 440*j + 100 = 444*j. Calculate the highest common factor of 150 and j.
25
Suppose -3*w + 3*g - 163 = -2*g, -240 = 5*w - 2*g. Let z = 136 + w. Let u be 1 + -1 - 390/(-13). What is the greatest common factor of u and z?
30
Suppose 0*v = -3*v + 2*c + 4, 2*v - 4*c = -8. Suppose v*n = 3*n + 133. What is the highest common divisor of 7 and n?
7
Suppose -21 - 6 = -3*d. What is the highest common divisor of d and 36?
9
Suppose 0 = l - 1 - 4. Suppose -6*q = -q. Suppose 5*r + 6 = 2*i - 23, -l*i - r + 113 = q. What is the greatest common factor of i and 242?
22
Let i = 488 - 181. Let k be -1 - 6/(-12)*i*2. What is the greatest common factor of k and 34?
34
Suppose 4*r - 15 = g - 85, 2*g - 140 = -5*r. Let j = g - 60. What is the highest common factor of 10 and j?
10
Let o = 478 + -453. Calculate the greatest common divisor of 100 and o.
25
Let s be 80/(-20) + (59 - 1). Calculate the highest common factor of s and 30.
6
Let b = 9 - 5. Suppose -12 = -b*a + a. Suppose 0 = -2*y - k + 17, 2*k = -a*y + 3*k + 43. Calculate the greatest common factor of 110 and y.
10
Let k(i) = 6*i**2 - i + 0*i**2 + 0*i + 1. Let v be k(-2). Calculate the highest common factor of 3 and v.
3
Let f be (3/3 - 3) + 92. Suppose 2*m + 3*p - 17 = 0, -4*p = -2*m - 0*m + 24. What is the greatest common factor of f and m?
10
Suppose 0*k = -3*k + 78. Let p = k + -2. What is the highest common divisor of p and 36?
12
Suppose 0*w - 2*w + 10 = 0. Suppose 4*y = 5*i - 25, 0*i + 2*y - w = -i. Suppose i*q - 42 - 18 = 0. What is the highest common factor of q and 132?
12
Let m be -7 - -1 - 196/(-1). What is the greatest common factor of m and 10?
10
Let x(w) = w + 12. Let c be x(-7). Suppose 2*h + c*z - 565 = -3*h, 4*h = 5*z + 443. Let r be ((-12)/(-15))/(1/20). What is the highest common factor of r and h?
16
Let j = 1027 - 544. What is the highest common divisor of j and 21?
21
Let d(p) = -12*p**2 - 158*p - 16. Let m be d(-13). What is the greatest common factor of 10 and m?
10
Let o = 2 - -12. Let g(r) = -14*r + 28. Let a be g(-9). Calculate the highest common factor of o and a.
14
Suppose -5*x + 4*z + 19 = 0, -x + 0 + 11 = z. Calculate the greatest common factor of 679 and x.
7
Let p be 70/28 - 2924/(-8). Calculate the greatest common factor of p and 414.
46
Let p(x) = x**3 + 17*x**2 + 2*x + 42. Let w be p(-17). Let d(n) = 6*n + 6. Let k be d(3). Calculate the greatest common factor of k and w.
8
Let y = -683 + 704. Let g be (68/6)/((-2)/(-126)). Suppose -4*n = 126 - g. Calculate the highest common divisor of n and y.
21
Let p be 0/(3/((-6)/(-4))). Suppose 17*s - 12*s - 15 = 0. Let n = s + p. Calculate the highest common factor of 12 and n.
3
Let w be 3 - (1 - (44 - -3)). Let m = w + -27. Let a be (-3 + 5)*(3 + m). Calculate the highest common factor of 10 and a.
10
Let z = 30 - 27. Suppose -179 = -5*c + 86. Suppose -5*k - 2*y + c = 0, -3*k - 2*y = -y - 31. What is the greatest common divisor of k and z?
3
Let f = 18 - 15. Suppose 2*s - 20 = -f*t, -2*t + 5*t = -s + 16. Let v be (-4 + -16)*1/(-2). Calculate the highest common divisor of s and v.
2
Let a be (-3)/2*(1 + 5 + 68). Let h = a - -131. Calculate the greatest common divisor of 180 and h.
20
Let z be (855/(-4))/(-3)*(-168)/(-63). What is the highest common factor of z and 30?
10
Suppose 0 = 3*s + 5*l - 56, 5*l = 6*s - s - 120. What is the highest common divisor of 44 and s?
22
Suppose 363 = 2*g + 3*n, -n - 502 = -3*g + 3*n. What is the greatest common factor of g and 12?
6
Let v(d) = 3*d**2 - 12*d - 53. Let y be v(-13). Calculate the greatest common divisor of y and 10.
10
Let n be 3/((-27)/6 + 3) - -14. Let i be (-2)/(-3)*(22 - 16). What is the highest common divisor of i and n?
4
Let d = 143 + -136. Let x be (18/5)/(d/(840/9)). Calculate the highest common factor of x and 112.
16
Let s = -631 - -712. What is the greatest common factor of 54 and s?
27
Let x be (-55)/2*(-4)/5. Suppose -4*j + 543 = -5*o, o + 276 = 2*j - 3*o. What is the highest common divisor of j and x?
22
Let a = 10 + -7. Suppose -i + 4 = 3*i. Let u be (-5)/(-2)*6*i. Calculate the greatest common factor of a and u.
3
Suppose 0 = 3*d - 6*d - o + 3959, 2*o - 3958 = -3*d. Calculate the highest common factor of 22 and d.
22
Let h be 14/1*7/(-14)*-1. Suppose -6*o + h = -17. Calculate the greatest common divisor of o and 8.
4
Let g(c) = c**3 - c**2 - c + 1. Let t be g(2). Let i = 10 - t. Let m = i - -9. What is the highest common factor of m and 8?
8
Suppose s + 35 = 37. Let d = 0 + 6. Calculate the greatest common divisor of s and d.
2
Let b be (-2)/(-8) + (-335)/(-4). Let g = 33 + -29. Suppose w - 2*v = -w + 40, g*w = -2*v + 86. What is the highest common factor of b and w?
21
Suppose -2*p + 0 = -3*i - 1, -5*p + 16 = -3*i. Suppose -7*l = -8*l + 117. Let f = -72 + l. Calculate the highest common factor of f and p.
5
Suppose 4*y - 27 = -15. Suppose y*p + 3*w - 45 = 0, 0*w + 12 = 4*w. Calculate the greatest common divisor of p and 4.
4
Suppose 196 = -c + 206. Let w(f) = f**2 + 4*f + 4. Let p be w(-4). Suppose 4*x - 16 = -p*y, 3*x + y - 8 = -0*x. Calculate the greatest common factor of c and x.
2
Let q(n) = -n - 6. Let j be q(-5). Let y(a) = 58*a**2 - a + 1. Let w be y(j). What is the greatest common factor of w and 12?
12
Suppose 7*y = 15*y - 632. Calculate the greatest common divisor of y and 158.
79
Let g be ((-105)/28)/((18/16)/(-3)). Let r be ((-18)/(-15))/(6/15). Let c be ((-1344)/(-20))/(r/g). What is the highest common factor of 32 and c?
32
Suppose 0 = 2*a - 7*d + 4*d + 5, 4*a = -4*d + 20. Suppose 0 = -u + 2*n + 5, -3*u = -0*u - 5*n - 13. Calculate the highest common divisor of u and a.
1
Suppose 4*f + 5*t - 425 = 0, -480 = -5*f + 21*t - 17*t. Calculate the highest common divisor of f and 30.
10
Suppose 25 = 3*g - 4*k - k, 2*k + 10 = g. Suppose g*l - 4 = -2*l. Suppose l*n - 127 = -7. What is the highest common factor of 15 and n?
15
Let h = 121 + -67. Let n be 6/9*h/4. Let r be (-1)/(-3 - (-24)/n). What is the highest common divisor of 6 and r?
3
Suppose j = -j + 2. Let l be 0 - (j - 6/2). Suppose -5*x + 12 = a, 5*a - 37 = l*x - 4*x. What is the greatest common factor of 7 and a?
7
Let v = 19 + -25. Let o = 11 + v. Calculate the greatest common divisor of 25 and o.
5
Suppose -2*s + 15 = s, 3*i = -5*s + 58. Calculate the highest common divisor of 11 and i.
11
Suppose -223 = -8*q + 1. What is the highest common factor of 448 and q?
28
Suppose 5 = -9*d + 32. Suppose 674 = d*n + 275. What is the greatest common factor of n and 19?
19
Let o = -14 + 28. Let v be (-3082)/(-6) + 44/33. Suppose 137 = -3*q + v. What is the highest common factor of q and o?
14
Suppose 5*n + 2*a = 17, 2*a + 10 + 3 = n. Let r be 24/(-10)*(-9)/6*n. Suppose 5*m - m - 4*f = 28, -10 = -5*f. What is the greatest common factor of r and m?
9
Let p be (7/(-4))/(1/4). Let r(v) be the second derivative of -v**3/3 - 4*v**2 + v - 1. Let a be r(p). What is the greatest common divisor of 15 and a?
3
Let z be (0 - 2/6)*(-27)/(-18)*-42. Suppose -4*n - 51 = -471. Calculate the highest common divisor of n and z.
21
Let t(i) = 10*i + 17. Let g be t(-8). Let w be (-32)/(35/g - (-1)/3). Let n(j) = 4*j**2 - j + 2. Let p be n(2). What is the highest common divisor of p and w?
16
Suppose 3*v = -11*v + 882. Suppose -2*z + 2*h = -5*z + 61, z - 16 = -5*h. Calculate the highest common factor of v and z.
2